{"id":12,"date":"2015-12-08T08:59:48","date_gmt":"2015-12-08T07:59:48","guid":{"rendered":"http:\/\/148.251.38.245\/wordpress\/?page_id=12"},"modified":"2025-08-19T15:12:52","modified_gmt":"2025-08-19T13:12:52","slug":"aquaristik-koi-teich-terraristik-ratgeber","status":"publish","type":"page","link":"https:\/\/www.bachflohkrebse.de\/ratgeber\/","title":{"rendered":"Aquaristik, Koi, Teich &#038; Terraristik Ratgeber"},"content":{"rendered":"<p><!-- Header --><\/p>\n<header style=\"background: linear-gradient(to right, #3399cc, #66ccff); padding: 20px; text-align: center; box-shadow: 0 2px 5px rgba(0,0,0,0.1);\">\n<h2 style=\"color: white; margin: 0; font-size: 2.5em; text-shadow: 1px 1px 2px rgba(0,0,0,0.3);\">Bachflohkrebse.de<\/h2>\n<p style=\"color: white; font-size: 1.2em; margin: 10px 0 0; font-weight: 300;\">Ihr Fachratgeber mit fundiertem Wissen und aktuellen News<\/p>\n<\/header>\n<p><!-- Intro Section --><\/p>\n<div style=\"padding: 20px; background-color: white; margin: 20px auto; max-width: 1200px; border-radius: 8px; box-shadow: 0 2px 10px rgba(0,0,0,0.05);\">\n<p style=\"font-style: italic; font-size: 1.1em; color: #555; text-align: center; max-width: 800px; margin: 0 auto 20px;\">Alles Wissenswerte \u00fcber dein Aquarium, Terrarium, Koi Karpfen und Teiche bei bachflohkrebse.de. In unseren Ratgebern finden Sie Informationen zu allen Themen rund um das sch\u00f6nste Hobby der Welt. Experten schreiben f\u00fcr Sie.<\/p>\n<\/div>\n<p><!-- Koi Section --><\/p>\n<section style=\"padding: 30px; background-color: white; margin: 20px auto; max-width: 1200px; border-radius: 8px; box-shadow: 0 2px 10px rgba(0,0,0,0.05);\">\n<h2 style=\"color: #ff6600; border-bottom: 2px solid #ff6600; padding-bottom: 10px; font-size: 1.8em;\">Koi Karpfen Ratgeber<\/h2>\n<div style=\"display: flex; flex-wrap: wrap; margin-top: 20px;\">\n<div style=\"flex: 0 0 300px; margin-right: 30px; margin-bottom: 20px;\"><a style=\"display: block; overflow: hidden; border-radius: 8px; box-shadow: 0 3px 10px rgba(0,0,0,0.1); transition: transform 0.3s;\" href=\"\/ratgeber\/teich\/\"><br \/>\n<img decoding=\"async\" style=\"width: 100%; height: auto; display: block; transition: transform 0.3s;\" src=\"https:\/\/www.bachflohkrebse.de\/ratgeber\/wp-content\/uploads\/2015\/12\/Koi_Teich_Bachflohkrebse.de_-300x224.jpg\" alt=\"Koi im Teich\" \/><br \/>\n<\/a><\/p>\n<p style=\"text-align: center; font-style: italic; margin-top: 8px; color: #666;\">Koi im Teich<\/p>\n<\/div>\n<div style=\"flex: 1; min-width: 300px;\">\n<p style=\"font-size: 1.05em; line-height: 1.6; margin-top: 0;\">Die ersten zuf\u00e4lligen Farbmutationen der Karpfenfische erschienen den Menschen so faszinierend, dass sie mit der Zucht unterschiedlicher Linien angefangen haben. Wann genau Koi zum ersten mal nach Japan gebracht wurden, ist unklar; m\u00f6glicherweise waren diese Fische bereits im 7. Jh. in Nippon bekannt.<\/p>\n<p style=\"font-size: 1.05em; line-height: 1.6;\">In diesem Land erlebte die Koi-Zucht seit dem 18. Jh. eine nie da gewesene Bl\u00fcte, auch heute noch tragen die meisten Koi-Arten Namen japanischer Herkunft.<\/p>\n<div style=\"text-align: right; margin-top: 20px;\"><a style=\"display: inline-block; color: white; background-color: #ff6600; padding: 10px 20px; text-decoration: none; border-radius: 5px; font-weight: bold; transition: background-color 0.3s;\" href=\"\/ratgeber\/teich\/\">zum Koi Ratgeber \u00a0\u00bb<\/a><\/div>\n<\/div>\n<\/div>\n<ul style=\"list-style-type: none; padding: 0; margin: 30px 0 0; display: flex; flex-wrap: wrap; gap: 10px;\">\n<li style=\"flex: 1 1 calc(50% - 10px); min-width: 300px;\"><a style=\"display: block; padding: 12px 15px; background-color: #fff4ea; color: #ff6600; text-decoration: none; border-left: 4px solid #ff6600; border-radius: 4px; transition: background-color 0.3s;\" href=\"https:\/\/www.bachflohkrebse.de\/ratgeber\/teich\/koi-varietaeten-uebersicht\/\">Die Koi &#8211; Arten und Variet\u00e4ten in der \u00dcbersicht \u00bb<\/a><\/li>\n<li style=\"flex: 1 1 calc(50% - 10px); min-width: 300px;\"><a style=\"display: block; padding: 12px 15px; background-color: #fff4ea; color: #ff6600; text-decoration: none; border-left: 4px solid #ff6600; border-radius: 4px; transition: background-color 0.3s;\" href=\"https:\/\/www.bachflohkrebse.de\/ratgeber\/teich\/begriff-koi\/\">Der Begriff Koi- Woher kommt er und was bedeutet \u00bb<\/a><\/li>\n<li style=\"flex: 1 1 calc(50% - 10px); min-width: 300px;\"><a style=\"display: block; padding: 12px 15px; background-color: #fff4ea; color: #ff6600; text-decoration: none; border-left: 4px solid #ff6600; border-radius: 4px; transition: background-color 0.3s;\" href=\"https:\/\/www.bachflohkrebse.de\/ratgeber\/teich\/geschichte-koi\/\">Die Geschichte der Koi \u00bb<\/a><\/li>\n<li style=\"flex: 1 1 calc(50% - 10px); min-width: 300px;\"><a style=\"display: block; padding: 12px 15px; background-color: #fff4ea; color: #ff6600; text-decoration: none; border-left: 4px solid #ff6600; border-radius: 4px; transition: background-color 0.3s;\" href=\"https:\/\/www.bachflohkrebse.de\/ratgeber\/teich\/koi-vergleich\/\">Der Koi Karpfen und herk\u00f6mmliche Karpfen im Vergleich \u00bb<\/a><\/li>\n<li style=\"flex: 1 1 calc(50% - 10px); min-width: 300px;\"><a style=\"display: block; padding: 12px 15px; background-color: #fff4ea; color: #ff6600; text-decoration: none; border-left: 4px solid #ff6600; border-radius: 4px; transition: background-color 0.3s;\" href=\"https:\/\/www.bachflohkrebse.de\/ratgeber\/koifutter\/frostfutter-teich\/\">Frostfutter f\u00fcr Koi- und Teichfische &#8211; artgerecht und gesund \u00bb<\/a><\/li>\n<\/ul>\n<\/section>\n<p><!-- Aquarium Section --><\/p>\n<section style=\"padding: 30px; background-color: white; margin: 20px auto; max-width: 1200px; border-radius: 8px; box-shadow: 0 2px 10px rgba(0,0,0,0.05);\">\n<h2 style=\"color: #3366ff; border-bottom: 2px solid #3366ff; padding-bottom: 10px; font-size: 1.8em;\">Aquaristik Ratgeber<\/h2>\n<div style=\"display: flex; flex-wrap: wrap; margin-top: 20px;\">\n<div style=\"flex: 0 0 300px; margin-right: 30px; margin-bottom: 20px;\"><a style=\"display: block; overflow: hidden; border-radius: 8px; box-shadow: 0 3px 10px rgba(0,0,0,0.1); transition: transform 0.3s;\" href=\"https:\/\/www.bachflohkrebse.de\/ratgeber\/aquarium-guide\/\"><br \/>\n<img decoding=\"async\" style=\"width: 100%; height: auto; display: block; transition: transform 0.3s;\" src=\"https:\/\/www.bachflohkrebse.de\/ratgeber\/wp-content\/uploads\/2015\/12\/aquarium-blau-500-300x158.jpg\" alt=\"Aquarium eingerichtet\" \/><br \/>\n<\/a><\/p>\n<p style=\"text-align: center; font-style: italic; margin-top: 8px; color: #666;\">Aquarium eingerichtet<\/p>\n<\/div>\n<div style=\"flex: 1; min-width: 300px;\">\n<p style=\"font-size: 1.05em; line-height: 1.6; margin-top: 0;\">Ihr Aquarium Guide rund um alle Themen in der Aquaristik. Alles zur richtigen Aquarium Auswahl, Einrichtung, Pflege und Fischbesatz. Informationen zur Filterung, Wasseraufbereitung und Pflanzenauswahl.<\/p>\n<p style=\"font-size: 1.05em; line-height: 1.6;\">Die eigene Unterwasserwelt in die Wohnung holen &#8211; mit einem S\u00fc\u00dfwasseraquarium k\u00f6nnen auch Sie sich diesen Traum erf\u00fcllen. In wenigen Schritten und mit etwas Geduld gelingt auch Ihnen der Einstieg in das wunderbare Hobby der Aquaristik.<\/p>\n<div style=\"text-align: right; margin-top: 20px;\"><a style=\"display: inline-block; color: white; background-color: #3366ff; padding: 10px 20px; text-decoration: none; border-radius: 5px; font-weight: bold; transition: background-color 0.3s;\" href=\"\/ratgeber\/aquarium-guide\/\">zum Aquaristik Ratgeber \u00a0\u00bb<\/a><\/div>\n<\/div>\n<\/div>\n<ul style=\"list-style-type: none; padding: 0; margin: 30px 0 0; display: flex; flex-wrap: wrap; gap: 10px;\">\n<li style=\"flex: 1 1 calc(50% - 10px); min-width: 300px;\"><a style=\"display: block; padding: 12px 15px; background-color: #eaf0ff; color: #3366ff; text-decoration: none; border-left: 4px solid #3366ff; border-radius: 4px; transition: background-color 0.3s;\" href=\"https:\/\/www.bachflohkrebse.de\/ratgeber\/aquarium-guide\/aquarium-guide\/\">Das erste Aquarium f\u00fcr Anf\u00e4nger &#8211; Guide zum Einrichten, Pflege und Betrieb \u00bb<\/a><\/li>\n<li style=\"flex: 1 1 calc(50% - 10px); min-width: 300px;\"><a style=\"display: block; padding: 12px 15px; background-color: #eaf0ff; color: #3366ff; text-decoration: none; border-left: 4px solid #3366ff; border-radius: 4px; transition: background-color 0.3s;\" href=\"https:\/\/www.bachflohkrebse.de\/ratgeber\/aquarium-guide\/wasseraufbereitung-aquarium\/\">Wasseraufbereitung im Aquarium f\u00fcr Einsteiger \u00bb<\/a><\/li>\n<li style=\"flex: 1 1 calc(50% - 10px); min-width: 300px;\"><a style=\"display: block; padding: 12px 15px; background-color: #eaf0ff; color: #3366ff; text-decoration: none; border-left: 4px solid #3366ff; border-radius: 4px; transition: background-color 0.3s;\" href=\"https:\/\/www.bachflohkrebse.de\/ratgeber\/aquarium-guide\/richtiger-filter-im-aquarium\/\">Richtiger Filter im Aquarium &#8211; Innenfilter und Au\u00dfenfilter \u00bb<\/a><\/li>\n<li style=\"flex: 1 1 calc(50% - 10px); min-width: 300px;\"><a style=\"display: block; padding: 12px 15px; background-color: #eaf0ff; color: #3366ff; text-decoration: none; border-left: 4px solid #3366ff; border-radius: 4px; transition: background-color 0.3s;\" href=\"https:\/\/www.bachflohkrebse.de\/ratgeber\/fischfutter\/frostfutter-aquarienfische\/\">Frostfutter f\u00fcr Aquarienfische \u00bb<\/a><\/li>\n<\/ul>\n<\/section>\n<p><!-- Garnelen Section --><\/p>\n<section style=\"padding: 30px; background-color: white; margin: 20px auto; max-width: 1200px; border-radius: 8px; box-shadow: 0 2px 10px rgba(0,0,0,0.05);\">\n<h2 style=\"color: #3366ff; border-bottom: 2px solid #3366ff; padding-bottom: 10px; font-size: 1.8em;\">Zwerggarnelen Ratgeber<\/h2>\n<div style=\"display: flex; flex-wrap: wrap; margin-top: 20px;\">\n<div style=\"flex: 0 0 300px; margin-right: 30px; margin-bottom: 20px;\"><a style=\"display: block; overflow: hidden; border-radius: 8px; box-shadow: 0 3px 10px rgba(0,0,0,0.1); transition: transform 0.3s;\" href=\"https:\/\/www.bachflohkrebse.de\/ratgeber\/wp-content\/uploads\/orange-fire-garnelen.jpg\"><br \/>\n<img decoding=\"async\" style=\"width: 100%; height: auto; display: block; transition: transform 0.3s;\" src=\"https:\/\/www.bachflohkrebse.de\/ratgeber\/wp-content\/uploads\/orange-fire-garnelen-300x224.jpg\" alt=\"Garnelen Ratgeber\" \/><br \/>\n<\/a><\/p>\n<p style=\"text-align: center; font-style: italic; margin-top: 8px; color: #666;\">Garnelen Ratgeber<\/p>\n<\/div>\n<div style=\"flex: 1; min-width: 300px;\">\n<p style=\"font-size: 1.05em; line-height: 1.6; margin-top: 0;\">Alles zum Thema Zwerggarnelen finden Sie im Garnelen Ratgeber. \u00dcbersichten zur den verschiedenen Garnelenarten, Anleitungen zur richtigen Zwerggarnelen Haltung und F\u00fctterung.<\/p>\n<p style=\"font-size: 1.05em; line-height: 1.6;\">Oder Sie lesen unser Tutorial: Garnelen Aquarium einrichten Teil 1 und 2. Nat\u00fcrlich darf auch Wissen \u00fcber verbreitete Krankheiten und wie man sie verhindern kann, nicht fehlen.<\/p>\n<div style=\"text-align: right; margin-top: 20px;\"><a style=\"display: inline-block; color: white; background-color: #3366ff; padding: 10px 20px; text-decoration: none; border-radius: 5px; font-weight: bold; transition: background-color 0.3s;\" href=\"\/ratgeber\/garnelen\/\">zum Zwerggarnelen Ratgeber \u00a0\u00bb<\/a><\/div>\n<\/div>\n<\/div>\n<ul style=\"list-style-type: none; padding: 0; margin: 30px 0 0; display: flex; flex-wrap: wrap; gap: 10px;\">\n<li style=\"flex: 1 1 calc(50% - 10px); min-width: 300px;\"><a style=\"display: block; padding: 12px 15px; background-color: #eaf0ff; color: #3366ff; text-decoration: none; border-left: 4px solid #3366ff; border-radius: 4px; transition: background-color 0.3s;\" href=\"\/ratgeber\/garnelen\/garnelenaquarium-einrichtent1\/\">Tutorial: Garnelen Aquarium einrichten (Teil 1) \u00bb<\/a><\/li>\n<li style=\"flex: 1 1 calc(50% - 10px); min-width: 300px;\"><a style=\"display: block; padding: 12px 15px; background-color: #eaf0ff; color: #3366ff; text-decoration: none; border-left: 4px solid #3366ff; border-radius: 4px; transition: background-color 0.3s;\" href=\"\/ratgeber\/garnelen\/arten\/\">Garnelenarten in der \u00dcbersicht \u00bb<\/a><\/li>\n<li style=\"flex: 1 1 calc(50% - 10px); min-width: 300px;\"><a style=\"display: block; padding: 12px 15px; background-color: #eaf0ff; color: #3366ff; text-decoration: none; border-left: 4px solid #3366ff; border-radius: 4px; transition: background-color 0.3s;\" href=\"\/ratgeber\/garnelen\/aquariumpflanzen\/\">Diese Aquariumpflanzen machen Garnelen gl\u00fccklich \u00bb<\/a><\/li>\n<li style=\"flex: 1 1 calc(50% - 10px); min-width: 300px;\"><a style=\"display: block; padding: 12px 15px; background-color: #eaf0ff; color: #3366ff; text-decoration: none; border-left: 4px solid #3366ff; border-radius: 4px; transition: background-color 0.3s;\" href=\"\/ratgeber\/garnelen\/garnelenfutter\/\">Garnelenfutter &#8211; Wie Sie Garnelen richtig f\u00fcttern \u00bb<\/a><\/li>\n<\/ul>\n<\/section>\n","protected":false},"excerpt":{"rendered":"<p>Bachflohkrebse.de Ihr Fachratgeber mit fundiertem Wissen und aktuellen News Alles Wissenswerte \u00fcber dein Aquarium, Terrarium, Koi Karpfen und Teiche bei bachflohkrebse.de. In unseren Ratgebern finden Sie Informationen zu allen Themen rund um das sch\u00f6nste Hobby der Welt. Experten schreiben f\u00fcr Sie. Koi Karpfen Ratgeber Koi im Teich Die ersten zuf\u00e4lligen Farbmutationen der Karpfenfische erschienen den &hellip;<\/p>\n","protected":false},"author":1,"featured_media":0,"parent":0,"menu_order":0,"comment_status":"closed","ping_status":"closed","template":"","meta":{"footnotes":""},"class_list":["post-12","page","type-page","status-publish","hentry"],"yoast_head":"<!-- This site is optimized with the Yoast SEO plugin v27.0 - https:\/\/yoast.com\/product\/yoast-seo-wordpress\/ -->\n<title>Aquaristik, Koi &amp; Teich und Terraristik Ratgeber<\/title>\n<meta name=\"robots\" content=\"index, follow, max-snippet:-1, max-image-preview:large, max-video-preview:-1\" \/>\n<link rel=\"canonical\" href=\"https:\/\/www.bachflohkrebse.de\/ratgeber\/\" \/>\n<meta property=\"og:locale\" content=\"de_DE\" \/>\n<meta property=\"og:type\" content=\"article\" \/>\n<meta property=\"og:title\" content=\"Aquaristik, Koi &amp; Teich und Terraristik Ratgeber\" \/>\n<meta property=\"og:description\" content=\"Bachflohkrebse.de Ihr Fachratgeber mit fundiertem Wissen und aktuellen News Alles Wissenswerte \u00fcber dein Aquarium, Terrarium, Koi Karpfen und Teiche bei bachflohkrebse.de. In unseren Ratgebern finden Sie Informationen zu allen Themen rund um das sch\u00f6nste Hobby der Welt. Experten schreiben f\u00fcr Sie. Koi Karpfen Ratgeber Koi im Teich Die ersten zuf\u00e4lligen Farbmutationen der Karpfenfische erschienen den &hellip;\" \/>\n<meta property=\"og:url\" content=\"https:\/\/www.bachflohkrebse.de\/ratgeber\/\" \/>\n<meta property=\"og:site_name\" content=\"bachflohkrebse.de Ratgeber\" \/>\n<meta property=\"article:publisher\" content=\"https:\/\/www.facebook.com\/bachflohkrebse.de\" \/>\n<meta property=\"article:modified_time\" content=\"2025-08-19T13:12:52+00:00\" \/>\n<meta property=\"og:image\" content=\"https:\/\/www.bachflohkrebse.de\/ratgeber\/wp-content\/uploads\/2015\/12\/Koi_Teich_Bachflohkrebse.de_-300x224.jpg\" \/>\n<meta name=\"twitter:card\" content=\"summary_large_image\" \/>\n<meta name=\"twitter:label1\" content=\"Gesch\u00e4tzte Lesezeit\" \/>\n\t<meta name=\"twitter:data1\" content=\"3\u00a0Minuten\" \/>\n<script type=\"application\/ld+json\" class=\"yoast-schema-graph\">{\"@context\":\"https:\/\/schema.org\",\"@graph\":[{\"@type\":\"WebPage\",\"@id\":\"https:\/\/www.bachflohkrebse.de\/ratgeber\/\",\"url\":\"https:\/\/www.bachflohkrebse.de\/ratgeber\/\",\"name\":\"Aquaristik, Koi & Teich und Terraristik Ratgeber\",\"isPartOf\":{\"@id\":\"https:\/\/www.bachflohkrebse.de\/ratgeber\/#website\"},\"primaryImageOfPage\":{\"@id\":\"https:\/\/www.bachflohkrebse.de\/ratgeber\/#primaryimage\"},\"image\":{\"@id\":\"https:\/\/www.bachflohkrebse.de\/ratgeber\/#primaryimage\"},\"thumbnailUrl\":\"https:\/\/www.bachflohkrebse.de\/ratgeber\/wp-content\/uploads\/2015\/12\/Koi_Teich_Bachflohkrebse.de_-300x224.jpg\",\"datePublished\":\"2015-12-08T07:59:48+00:00\",\"dateModified\":\"2025-08-19T13:12:52+00:00\",\"breadcrumb\":{\"@id\":\"https:\/\/www.bachflohkrebse.de\/ratgeber\/#breadcrumb\"},\"inLanguage\":\"de\",\"potentialAction\":[{\"@type\":\"ReadAction\",\"target\":[\"https:\/\/www.bachflohkrebse.de\/ratgeber\/\"]}]},{\"@type\":\"ImageObject\",\"inLanguage\":\"de\",\"@id\":\"https:\/\/www.bachflohkrebse.de\/ratgeber\/#primaryimage\",\"url\":\"https:\/\/www.bachflohkrebse.de\/ratgeber\/wp-content\/uploads\/2015\/12\/Koi_Teich_Bachflohkrebse.de_.jpg\",\"contentUrl\":\"https:\/\/www.bachflohkrebse.de\/ratgeber\/wp-content\/uploads\/2015\/12\/Koi_Teich_Bachflohkrebse.de_.jpg\",\"width\":801,\"height\":599,\"caption\":\"Koi im Teich\"},{\"@type\":\"BreadcrumbList\",\"@id\":\"https:\/\/www.bachflohkrebse.de\/ratgeber\/#breadcrumb\",\"itemListElement\":[{\"@type\":\"ListItem\",\"position\":1,\"name\":\"Home\",\"item\":\"https:\/\/www.bachflohkrebse.de\/ratgeber\/\"},{\"@type\":\"ListItem\",\"position\":2,\"name\":\"Aquaristik, Koi, Teich &#038; Terraristik Ratgeber\"}]},{\"@type\":\"WebSite\",\"@id\":\"https:\/\/www.bachflohkrebse.de\/ratgeber\/#website\",\"url\":\"https:\/\/www.bachflohkrebse.de\/ratgeber\/\",\"name\":\"bachflohkrebse.de Ratgeber\",\"description\":\"Expertenwissen - Aktuelle News - Kompetente Beratung\",\"publisher\":{\"@id\":\"https:\/\/www.bachflohkrebse.de\/ratgeber\/#organization\"},\"potentialAction\":[{\"@type\":\"SearchAction\",\"target\":{\"@type\":\"EntryPoint\",\"urlTemplate\":\"https:\/\/www.bachflohkrebse.de\/ratgeber\/?s={search_term_string}\"},\"query-input\":{\"@type\":\"PropertyValueSpecification\",\"valueRequired\":true,\"valueName\":\"search_term_string\"}}],\"inLanguage\":\"de\"},{\"@type\":\"Organization\",\"@id\":\"https:\/\/www.bachflohkrebse.de\/ratgeber\/#organization\",\"name\":\"bachflohkrebse\",\"url\":\"https:\/\/www.bachflohkrebse.de\/ratgeber\/\",\"logo\":{\"@type\":\"ImageObject\",\"inLanguage\":\"de\",\"@id\":\"https:\/\/www.bachflohkrebse.de\/ratgeber\/#\/schema\/logo\/image\/\",\"url\":\"https:\/\/www.bachflohkrebse.de\/ratgeber\/wp-content\/uploads\/bachflohkrebse-logo-large.png\",\"contentUrl\":\"https:\/\/www.bachflohkrebse.de\/ratgeber\/wp-content\/uploads\/bachflohkrebse-logo-large.png\",\"width\":337,\"height\":49,\"caption\":\"bachflohkrebse\"},\"image\":{\"@id\":\"https:\/\/www.bachflohkrebse.de\/ratgeber\/#\/schema\/logo\/image\/\"},\"sameAs\":[\"https:\/\/www.facebook.com\/bachflohkrebse.de\",\"https:\/\/www.youtube.com\/user\/bachflohkrebse\"]}]}<\/script>\n<!-- \/ Yoast SEO plugin. -->","yoast_head_json":{"title":"Aquaristik, Koi & Teich und Terraristik Ratgeber","robots":{"index":"index","follow":"follow","max-snippet":"max-snippet:-1","max-image-preview":"max-image-preview:large","max-video-preview":"max-video-preview:-1"},"canonical":"https:\/\/www.bachflohkrebse.de\/ratgeber\/","og_locale":"de_DE","og_type":"article","og_title":"Aquaristik, Koi & Teich und Terraristik Ratgeber","og_description":"Bachflohkrebse.de Ihr Fachratgeber mit fundiertem Wissen und aktuellen News Alles Wissenswerte \u00fcber dein Aquarium, Terrarium, Koi Karpfen und Teiche bei bachflohkrebse.de. In unseren Ratgebern finden Sie Informationen zu allen Themen rund um das sch\u00f6nste Hobby der Welt. Experten schreiben f\u00fcr Sie. Koi Karpfen Ratgeber Koi im Teich Die ersten zuf\u00e4lligen Farbmutationen der Karpfenfische erschienen den &hellip;","og_url":"https:\/\/www.bachflohkrebse.de\/ratgeber\/","og_site_name":"bachflohkrebse.de Ratgeber","article_publisher":"https:\/\/www.facebook.com\/bachflohkrebse.de","article_modified_time":"2025-08-19T13:12:52+00:00","og_image":[{"url":"https:\/\/www.bachflohkrebse.de\/ratgeber\/wp-content\/uploads\/2015\/12\/Koi_Teich_Bachflohkrebse.de_-300x224.jpg","type":"","width":"","height":""}],"twitter_card":"summary_large_image","twitter_misc":{"Gesch\u00e4tzte Lesezeit":"3\u00a0Minuten"},"schema":{"@context":"https:\/\/schema.org","@graph":[{"@type":"WebPage","@id":"https:\/\/www.bachflohkrebse.de\/ratgeber\/","url":"https:\/\/www.bachflohkrebse.de\/ratgeber\/","name":"Aquaristik, Koi & Teich und Terraristik Ratgeber","isPartOf":{"@id":"https:\/\/www.bachflohkrebse.de\/ratgeber\/#website"},"primaryImageOfPage":{"@id":"https:\/\/www.bachflohkrebse.de\/ratgeber\/#primaryimage"},"image":{"@id":"https:\/\/www.bachflohkrebse.de\/ratgeber\/#primaryimage"},"thumbnailUrl":"https:\/\/www.bachflohkrebse.de\/ratgeber\/wp-content\/uploads\/2015\/12\/Koi_Teich_Bachflohkrebse.de_-300x224.jpg","datePublished":"2015-12-08T07:59:48+00:00","dateModified":"2025-08-19T13:12:52+00:00","breadcrumb":{"@id":"https:\/\/www.bachflohkrebse.de\/ratgeber\/#breadcrumb"},"inLanguage":"de","potentialAction":[{"@type":"ReadAction","target":["https:\/\/www.bachflohkrebse.de\/ratgeber\/"]}]},{"@type":"ImageObject","inLanguage":"de","@id":"https:\/\/www.bachflohkrebse.de\/ratgeber\/#primaryimage","url":"https:\/\/www.bachflohkrebse.de\/ratgeber\/wp-content\/uploads\/2015\/12\/Koi_Teich_Bachflohkrebse.de_.jpg","contentUrl":"https:\/\/www.bachflohkrebse.de\/ratgeber\/wp-content\/uploads\/2015\/12\/Koi_Teich_Bachflohkrebse.de_.jpg","width":801,"height":599,"caption":"Koi im Teich"},{"@type":"BreadcrumbList","@id":"https:\/\/www.bachflohkrebse.de\/ratgeber\/#breadcrumb","itemListElement":[{"@type":"ListItem","position":1,"name":"Home","item":"https:\/\/www.bachflohkrebse.de\/ratgeber\/"},{"@type":"ListItem","position":2,"name":"Aquaristik, Koi, Teich &#038; Terraristik Ratgeber"}]},{"@type":"WebSite","@id":"https:\/\/www.bachflohkrebse.de\/ratgeber\/#website","url":"https:\/\/www.bachflohkrebse.de\/ratgeber\/","name":"bachflohkrebse.de Ratgeber","description":"Expertenwissen - Aktuelle News - Kompetente Beratung","publisher":{"@id":"https:\/\/www.bachflohkrebse.de\/ratgeber\/#organization"},"potentialAction":[{"@type":"SearchAction","target":{"@type":"EntryPoint","urlTemplate":"https:\/\/www.bachflohkrebse.de\/ratgeber\/?s={search_term_string}"},"query-input":{"@type":"PropertyValueSpecification","valueRequired":true,"valueName":"search_term_string"}}],"inLanguage":"de"},{"@type":"Organization","@id":"https:\/\/www.bachflohkrebse.de\/ratgeber\/#organization","name":"bachflohkrebse","url":"https:\/\/www.bachflohkrebse.de\/ratgeber\/","logo":{"@type":"ImageObject","inLanguage":"de","@id":"https:\/\/www.bachflohkrebse.de\/ratgeber\/#\/schema\/logo\/image\/","url":"https:\/\/www.bachflohkrebse.de\/ratgeber\/wp-content\/uploads\/bachflohkrebse-logo-large.png","contentUrl":"https:\/\/www.bachflohkrebse.de\/ratgeber\/wp-content\/uploads\/bachflohkrebse-logo-large.png","width":337,"height":49,"caption":"bachflohkrebse"},"image":{"@id":"https:\/\/www.bachflohkrebse.de\/ratgeber\/#\/schema\/logo\/image\/"},"sameAs":["https:\/\/www.facebook.com\/bachflohkrebse.de","https:\/\/www.youtube.com\/user\/bachflohkrebse"]}]}},"_links":{"self":[{"href":"https:\/\/www.bachflohkrebse.de\/ratgeber\/wp-json\/wp\/v2\/pages\/12","targetHints":{"allow":["GET"]}}],"collection":[{"href":"https:\/\/www.bachflohkrebse.de\/ratgeber\/wp-json\/wp\/v2\/pages"}],"about":[{"href":"https:\/\/www.bachflohkrebse.de\/ratgeber\/wp-json\/wp\/v2\/types\/page"}],"author":[{"embeddable":true,"href":"https:\/\/www.bachflohkrebse.de\/ratgeber\/wp-json\/wp\/v2\/users\/1"}],"replies":[{"embeddable":true,"href":"https:\/\/www.bachflohkrebse.de\/ratgeber\/wp-json\/wp\/v2\/comments?post=12"}],"version-history":[{"count":36,"href":"https:\/\/www.bachflohkrebse.de\/ratgeber\/wp-json\/wp\/v2\/pages\/12\/revisions"}],"predecessor-version":[{"id":44,"href":"https:\/\/www.bachflohkrebse.de\/ratgeber\/wp-json\/wp\/v2\/pages\/12\/revisions\/44"}],"wp:attachment":[{"href":"https:\/\/www.bachflohkrebse.de\/ratgeber\/wp-json\/wp\/v2\/media?parent=12"}],"curies":[{"name":"wp","href":"https:\/\/api.w.org\/{rel}","templated":true}]}}